{"id":701,"date":"2011-05-20T18:49:43","date_gmt":"2011-05-21T01:49:43","guid":{"rendered":"https:\/\/wpthemetestdata.wordpress.com\/?page_id=701"},"modified":"2025-08-28T12:08:27","modified_gmt":"2025-08-28T10:08:27","slug":"front-page","status":"publish","type":"page","link":"http:\/\/subvencije.bar.me\/default\/","title":{"rendered":"Op\u0161tina Bar Biznis Portal"},"content":{"rendered":"\n<div class=\"wp-block-cover relative w-full mt-0 md:h-[600px]\" style=\"padding-top:0;padding-right:0;padding-bottom:0;padding-left:0;min-height:600px;aspect-ratio:unset;\"><img decoding=\"async\" class=\"wp-block-cover__image-background\" alt=\"Op\u0161tina bar - Biznis portal\" src=\"https:\/\/subvencije.bar.me\/wp-content\/uploads\/2025\/08\/Opstina-Bar-cover-image-home-page.jpg\" style=\"object-position:5% 50%\" data-object-fit=\"cover\" data-object-position=\"5% 50%\"\/><span aria-hidden=\"true\" class=\"wp-block-cover__background has-background-dim-0 has-background-dim\"><\/span><div class=\"wp-block-cover__inner-container is-layout-flow wp-block-cover-is-layout-flow\">\n<div class=\"wp-block-group relative z-50 w-full bg-contrast-6 md:absolute md:inset-0 md:bg-transparent is-layout-flow wp-block-group-is-layout-flow\">\n<div class=\"wp-block-group container box-border flex items-center mx-auto h-full is-layout-flow wp-block-group-is-layout-flow\">\n<div class=\"wp-block-group w-full lg:w-13\/24 sm:w-9\/12 ml-0 md:ml-1\/24 xl:ml-0 md:bg-contrast-6 md:min-h-[250px] is-layout-flow wp-block-group-is-layout-flow\">\n<div class=\"wp-block-group flex gap-4 pt-[40px] pb-[40px] pr-[40px] pl-[17px] md:py-20 md:pl-16 md:pr-20 is-layout-flow wp-block-group-is-layout-flow\">\n<span class=\"wp-block-simple-icon-block-simple-icon-block fal fa-arrow-right  pt-3 md:pt-[10px] md:text-2xl\"><\/span>\n\n\n\n<h1 class=\"wp-block-heading no-block-gap font-medium my-0 leading-tight text-base-1 max-w-[400px]\">Dobro do\u0161li na Portal za subvencije Op\u0161tine Bar<\/h1>\n<\/div>\n<\/div>\n<\/div>\n<\/div>\n<\/div><\/div>\n\n\n\n<div class=\"wp-block-group mt-0 mb-0 page-block-content no-block-gap-for-children container mx-auto is-layout-flow wp-block-group-is-layout-flow\">\n<div class=\"wp-block-group border-t-2 border-base-3 border-solid border-x-0 border-b-0 is-layout-flow wp-block-group-is-layout-flow\">\n<p class=\"wp-block-paragraph\"><span class=\"-mt-[2px] flex w-20 border-x-0 border-b-0 border-t-4 border-solid border-contrast-6\"><\/span><\/p>\n\n\n\n<div class=\"wp-block-group mt-0 flex flex-col gap-4 pb-4 pt-6 md:flex-row md:items-center md:justify-between md:pt-8 is-layout-flow wp-block-group-is-layout-flow\">\n<h2 class=\"wp-block-heading block text-3-xl font-medium md:text-[40px]\">Najnoviji pozivi<\/h2>\n<\/div>\n<\/div>\n\n\n\n<div class=\"wp-block-query is-layout-flow wp-block-query-is-layout-flow\">\n\n\n<div class=\"wp-block-group is-layout-flow wp-block-group-is-layout-flow\" style=\"margin-top:0;margin-bottom:0;padding-top:var(--wp--preset--spacing--50);padding-right:0;padding-bottom:var(--wp--preset--spacing--50);padding-left:0\"><ul class=\"wp-block-post-template is-layout-grid wp-container-core-post-template-is-layout-3f6fca83 wp-block-post-template-is-layout-grid\"><li class=\"wp-block-post post-8314 post type-post status-publish format-standard has-post-thumbnail hentry category-sekretarijat-za-lokalni-ekonomski-razvoj organisational-units-sekretarijat-za-lokalni-ekonomski-razvoj\">\n\n<div class=\"wp-block-group no-block-gap-for-children is-vertical is-nowrap is-layout-flex wp-container-core-group-is-layout-fbe8bec7 wp-block-group-is-layout-flex\" style=\"padding-top:0\">\n<div class=\"wp-block-group min-h-4 has-global-padding is-layout-constrained wp-block-group-is-layout-constrained\"><div class=\"taxonomy-category wp-block-post-terms\"><a href=\"http:\/\/subvencije.bar.me\/default\/konkursi\/sekretarijat-za-lokalni-ekonomski-razvoj\/\" rel=\"tag\">Sekretarijat za lokalni ekonomski razvoj<\/a><\/div><\/div>\n\n\n<h5 class=\"leading-tight wp-block-post-title\"><a href=\"http:\/\/subvencije.bar.me\/default\/javni-poziv-za-ucesce-u-programu-podsticanja-razvoja-preduzetnistva-kroz-finansijsku-podrsku-2026\/\" target=\"_self\" >Javni poziv za u\u010de\u0161\u0107e u programu podsticanja razvoja preduzetni\u0161tva kroz finansijsku podr\u0161ku &#8211; 2026<\/a><\/h5>\n\n\n<div class=\"wp-block-group has-text-body-sm-font-size is-vertical is-layout-flex wp-container-core-group-is-layout-7a6bb5d2 wp-block-group-is-layout-flex\"><span class=\"wp-block-pubcalls-submission-status is-active\"><span class=\"wp-block-pubcalls-submission-status__label\">Status:<\/span> <span class=\"wp-block-pubcalls-submission-status__value\">Active<\/span><\/span>\n\n<span class=\"wp-block-pubcalls-query-dates\"><span class=\"wp-block-pubcalls-query-dates__label\">Rok:<\/span> od  <time class=\"wp-block-pubcalls-query-dates__start\" datetime=\"2026-03-27T14:30:00+00:00\">27.03.2026 14:30<\/time> do <time class=\"wp-block-pubcalls-query-dates__end\" datetime=\"2026-05-11T23:59:00+00:00\">11.05.2026 23:59<\/time><\/span><\/div>\n<\/div>\n\n<\/li><li class=\"wp-block-post post-6440 post type-post status-publish format-standard has-post-thumbnail hentry category-sekretarijat-za-lokalni-ekonomski-razvoj organisational-units-sekretarijat-za-lokalni-ekonomski-razvoj\">\n\n<div class=\"wp-block-group no-block-gap-for-children is-vertical is-nowrap is-layout-flex wp-container-core-group-is-layout-fbe8bec7 wp-block-group-is-layout-flex\" style=\"padding-top:0\">\n<div class=\"wp-block-group min-h-4 has-global-padding is-layout-constrained wp-block-group-is-layout-constrained\"><div class=\"taxonomy-category wp-block-post-terms\"><a href=\"http:\/\/subvencije.bar.me\/default\/konkursi\/sekretarijat-za-lokalni-ekonomski-razvoj\/\" rel=\"tag\">Sekretarijat za lokalni ekonomski razvoj<\/a><\/div><\/div>\n\n\n<h5 class=\"leading-tight wp-block-post-title\"><a href=\"http:\/\/subvencije.bar.me\/default\/javni-konkurs-za-raspodjelu-sredstava-za-podrsku-zenskom-preduzetnistvu\/\" target=\"_self\" >Javni konkurs za raspodjelu sredstava za podr\u0161ku \u017eenskom preduzetni\u0161tvu &#8211; 2026.<\/a><\/h5>\n\n\n<div class=\"wp-block-group has-text-body-sm-font-size is-vertical is-layout-flex wp-container-core-group-is-layout-7a6bb5d2 wp-block-group-is-layout-flex\"><span class=\"wp-block-pubcalls-submission-status is-finished\"><span class=\"wp-block-pubcalls-submission-status__label\">Status:<\/span> <span class=\"wp-block-pubcalls-submission-status__value\">Finished<\/span><\/span>\n\n<span class=\"wp-block-pubcalls-query-dates\"><span class=\"wp-block-pubcalls-query-dates__label\">Rok:<\/span> od  <time class=\"wp-block-pubcalls-query-dates__start\" datetime=\"2026-02-02T12:50:00+00:00\">02.02.2026 12:50<\/time> do <time class=\"wp-block-pubcalls-query-dates__end\" datetime=\"2026-03-03T23:59:00+00:00\">03.03.2026 23:59<\/time><\/span><\/div>\n<\/div>\n\n<\/li><li class=\"wp-block-post post-6853 post type-post status-publish format-standard has-post-thumbnail hentry category-sekretarijat-za-lokalni-ekonomski-razvoj organisational-units-sekretarijat-za-lokalni-ekonomski-razvoj\">\n\n<div class=\"wp-block-group no-block-gap-for-children is-vertical is-nowrap is-layout-flex wp-container-core-group-is-layout-fbe8bec7 wp-block-group-is-layout-flex\" style=\"padding-top:0\">\n<div class=\"wp-block-group min-h-4 has-global-padding is-layout-constrained wp-block-group-is-layout-constrained\"><div class=\"taxonomy-category wp-block-post-terms\"><a href=\"http:\/\/subvencije.bar.me\/default\/konkursi\/sekretarijat-za-lokalni-ekonomski-razvoj\/\" rel=\"tag\">Sekretarijat za lokalni ekonomski razvoj<\/a><\/div><\/div>\n\n\n<h5 class=\"leading-tight wp-block-post-title\"><a href=\"http:\/\/subvencije.bar.me\/default\/javni-poziv-za-ucesce-u-programu-podsticanja-razvoja-preduzetnistva-kroz-finansijsku-podrsku-2025\/\" target=\"_self\" >Javni poziv za u\u010de\u0161\u0107e u programu podsticanja razvoja preduzetni\u0161tva kroz finansijsku podr\u0161ku &#8211; 2025<\/a><\/h5>\n\n\n<div class=\"wp-block-group has-text-body-sm-font-size is-vertical is-layout-flex wp-container-core-group-is-layout-7a6bb5d2 wp-block-group-is-layout-flex\"><span class=\"wp-block-pubcalls-submission-status is-finished\"><span class=\"wp-block-pubcalls-submission-status__label\">Status:<\/span> <span class=\"wp-block-pubcalls-submission-status__value\">Finished<\/span><\/span>\n\n<span class=\"wp-block-pubcalls-query-dates\"><span class=\"wp-block-pubcalls-query-dates__label\">Rok:<\/span> od  <time class=\"wp-block-pubcalls-query-dates__start\" datetime=\"2025-08-28T12:15:00+00:00\">28.08.2025 12:15<\/time> do <time class=\"wp-block-pubcalls-query-dates__end\" datetime=\"2025-10-13T23:59:00+00:00\">13.10.2025 23:59<\/time><\/span><\/div>\n<\/div>\n\n<\/li><\/ul>\n\n\n<div style=\"margin-top:0;margin-bottom:0;height:var(--wp--preset--spacing--40)\" aria-hidden=\"true\" class=\"wp-block-spacer\"><\/div>\n\n\n<\/div>\n<\/div>\n<\/div>\n\n\n\n<div class=\"wp-block-group relative mx-auto max-w-max border-t border-r-0 border-b border-l-0 border-solid border-base-3 bg-base-2 is-layout-flow wp-block-group-is-layout-flow\">\n<div class=\"wp-block-group hidden w-full sm:flex sm:absolute sm:inset-0 !items-stretch is-nowrap is-layout-flex wp-container-core-group-is-layout-930feb06 wp-block-group-is-layout-flex\">\n<div class=\"wp-block-group w-full bg-contrast-6 sm:w-half has-global-padding is-layout-constrained wp-block-group-is-layout-constrained\">\n<div style=\"margin-top:0;margin-bottom:0;height:0\" aria-hidden=\"true\" class=\"wp-block-spacer\"><\/div>\n<\/div>\n\n\n\n<div class=\"wp-block-group w-full sm:w-half has-global-padding is-layout-constrained wp-block-group-is-layout-constrained\">\n<div style=\"margin-top:0;margin-bottom:0;height:0\" aria-hidden=\"true\" class=\"wp-block-spacer\"><\/div>\n<\/div>\n<\/div>\n\n\n\n<div class=\"wp-block-group relative z-20 md:container mx-auto no-block-gap is-layout-flow wp-block-group-is-layout-flow\">\n<div class=\"wp-block-group grid md:grid-cols-2 no-block-gap is-layout-flow wp-block-group-is-layout-flow\">\n<div class=\"wp-block-group mt-0 bg-contrast-6 px-4 py-8 text-white md:py-12 md:pr-12 is-layout-flow wp-block-group-is-layout-flow\">\n<h2 class=\"wp-block-heading my-0 text-3-xl font-medium text-white md:text-5-xl\">Podr\u0161ka lokalnoj privredi<\/h2>\n\n\n\n<p class=\"text-lg italic has-text-body-xl-font-size wp-block-paragraph\">Op\u0161tina Bar od 2019. godine aktivno radi na sistemskom unapre\u0111enju uslova za bavljenje preduzetni\u0161tvom, kao jednom od najzna\u010dajnijih prioriteta koji treba da omogu\u0107i kreiranje stimulativnog i dinami\u010dnog poslovnog ambijenta i podizanje nivoa ekonomije, a samim tim i pove\u0107anje nivoa standarda gra\u0111ana.<\/p>\n<\/div>\n\n\n\n<div class=\"wp-block-group no-block-gap bg-base-2 px-4 py-8 md:py-12 md:pl-12 is-layout-flow wp-block-group-is-layout-flow\">\n<h2 class=\"wp-block-heading mb-4 mt-0 text-3-xl md:mb-8\">Follow us<\/h2>\n\n\n\n<div class=\"wp-block-buttons is-vertical is-layout-flex wp-container-core-buttons-is-layout-7b7f8733 wp-block-buttons-is-layout-flex\">\n<div class=\"wp-block-button is-style-link not-underline btn-icon-social  text-16 fab fa-facebook-square is-style-link--1\"><a class=\"wp-block-button__link wp-element-button\" href=\"https:\/\/www.facebook.com\/BarOpstina\" target=\"_blank\" rel=\"noreferrer noopener nofollow\">Facebook<\/a><\/div>\n\n\n\n<div class=\"wp-block-button is-style-link not-underline btn-icon-social  text-16 fab fa-square-twitter is-style-link--2\"><a class=\"wp-block-button__link wp-element-button\" href=\"https:\/\/twitter.com\/opstinabar\" target=\"_blank\" rel=\"noreferrer noopener nofollow\">X<\/a><\/div>\n\n\n\n<div class=\"wp-block-button is-style-link not-underline btn-icon-social  text-16 fab fa-instagram-square is-style-link--3\"><a class=\"wp-block-button__link wp-element-button\" href=\"https:\/\/www.instagram.com\/opstina__bar\/\" target=\"_blank\" rel=\"noreferrer noopener\">Instagram<\/a><\/div>\n\n\n\n<div class=\"wp-block-button is-style-link not-underline btn-icon-social  text-16 fab fa-youtube-square is-style-link--4\"><a class=\"wp-block-button__link wp-element-button\" href=\"https:\/\/www.youtube.com\/channel\/UCE4Ig1I9ZD04ovG-gPISl2g\/\" target=\"_blank\" rel=\"noreferrer noopener nofollow\">Youtube<\/a><\/div>\n<\/div>\n<\/div>\n<\/div>\n<\/div>\n<\/div>\n","protected":false},"excerpt":{"rendered":"<p>Najnoviji pozivi Podr\u0161ka lokalnoj privredi Op\u0161tina Bar od 2019. godine aktivno radi na sistemskom unapre\u0111enju uslova za bavljenje preduzetni\u0161tvom, kao jednom od najzna\u010dajnijih prioriteta koji treba da omogu\u0107i kreiranje stimulativnog i dinami\u010dnog poslovnog ambijenta i podizanje nivoa ekonomije, a samim tim i pove\u0107anje nivoa standarda gra\u0111ana. Follow us<\/p>\n","protected":false},"author":1,"featured_media":3449,"parent":0,"menu_order":0,"comment_status":"open","ping_status":"closed","template":"page-notitle","meta":{"_acf_changed":false,"_crdt_document":"","footnotes":""},"class_list":["post-701","page","type-page","status-publish","has-post-thumbnail","hentry"],"acf":[],"_links":{"self":[{"href":"http:\/\/subvencije.bar.me\/default\/wp-json\/wp\/v2\/pages\/701","targetHints":{"allow":["GET"]}}],"collection":[{"href":"http:\/\/subvencije.bar.me\/default\/wp-json\/wp\/v2\/pages"}],"about":[{"href":"http:\/\/subvencije.bar.me\/default\/wp-json\/wp\/v2\/types\/page"}],"author":[{"embeddable":true,"href":"http:\/\/subvencije.bar.me\/default\/wp-json\/wp\/v2\/users\/1"}],"replies":[{"embeddable":true,"href":"http:\/\/subvencije.bar.me\/default\/wp-json\/wp\/v2\/comments?post=701"}],"version-history":[{"count":22,"href":"http:\/\/subvencije.bar.me\/default\/wp-json\/wp\/v2\/pages\/701\/revisions"}],"predecessor-version":[{"id":6904,"href":"http:\/\/subvencije.bar.me\/default\/wp-json\/wp\/v2\/pages\/701\/revisions\/6904"}],"wp:featuredmedia":[{"embeddable":true,"href":"http:\/\/subvencije.bar.me\/default\/wp-json\/wp\/v2\/media\/3449"}],"wp:attachment":[{"href":"http:\/\/subvencije.bar.me\/default\/wp-json\/wp\/v2\/media?parent=701"}],"curies":[{"name":"wp","href":"https:\/\/api.w.org\/{rel}","templated":true}]}}

Opština Bar Biznis Portal

<div class="wp-block-cover relative w-full mt-0 md:h-[600px]" style="padding-top:0;padding-right:0;padding-bottom:0;padding-left:0;min-height:600px;aspect-ratio:unset;"><img decoding="async" class="wp-block-cover__image-background" alt="Opština bar - Biznis portal" src="https://subvencije.bar.me/wp-content/uploads/2025/08/Opstina-Bar-cover-image-home-page.jpg" style="object-position:5% 50%" data-object-fit="cover" data-object-position="5% 50%"/><span aria-hidden="true" class="wp-block-cover__background has-background-dim-0 has-background-dim"></span><div class="wp-block-cover__inner-container is-layout-flow wp-block-cover-is-layout-flow">
<div class="wp-block-group relative z-50 w-full bg-contrast-6 md:absolute md:inset-0 md:bg-transparent is-layout-flow wp-block-group-is-layout-flow">
<div class="wp-block-group container box-border flex items-center mx-auto h-full is-layout-flow wp-block-group-is-layout-flow">
<div class="wp-block-group w-full lg:w-13/24 sm:w-9/12 ml-0 md:ml-1/24 xl:ml-0 md:bg-contrast-6 md:min-h-[250px] is-layout-flow wp-block-group-is-layout-flow">
<div class="wp-block-group flex gap-4 pt-[40px] pb-[40px] pr-[40px] pl-[17px] md:py-20 md:pl-16 md:pr-20 is-layout-flow wp-block-group-is-layout-flow">
<span class="wp-block-simple-icon-block-simple-icon-block fal fa-arrow-right  pt-3 md:pt-[10px] md:text-2xl"></span>



<h1 class="wp-block-heading no-block-gap font-medium my-0 leading-tight text-base-1 max-w-[400px]">Dobro došli na Portal za subvencije Opštine Bar</h1>
</div>
</div>
</div>
</div>
</div></div>



<div class="wp-block-group mt-0 mb-0 page-block-content no-block-gap-for-children container mx-auto is-layout-flow wp-block-group-is-layout-flow">
<div class="wp-block-group border-t-2 border-base-3 border-solid border-x-0 border-b-0 is-layout-flow wp-block-group-is-layout-flow">
<p class="wp-block-paragraph"><span class="-mt-[2px] flex w-20 border-x-0 border-b-0 border-t-4 border-solid border-contrast-6"></span></p>



<div class="wp-block-group mt-0 flex flex-col gap-4 pb-4 pt-6 md:flex-row md:items-center md:justify-between md:pt-8 is-layout-flow wp-block-group-is-layout-flow">
<h2 class="wp-block-heading block text-3-xl font-medium md:text-[40px]">Najnoviji pozivi</h2>
</div>
</div>



<div class="wp-block-query is-layout-flow wp-block-query-is-layout-flow">


<div class="wp-block-group is-layout-flow wp-block-group-is-layout-flow" style="margin-top:0;margin-bottom:0;padding-top:var(--wp--preset--spacing--50);padding-right:0;padding-bottom:var(--wp--preset--spacing--50);padding-left:0"><ul class="wp-block-post-template is-layout-grid wp-container-core-post-template-is-layout-3f6fca83 wp-block-post-template-is-layout-grid"><li class="wp-block-post post-8314 post type-post status-publish format-standard has-post-thumbnail hentry category-sekretarijat-za-lokalni-ekonomski-razvoj organisational-units-sekretarijat-za-lokalni-ekonomski-razvoj">

<div class="wp-block-group no-block-gap-for-children is-vertical is-nowrap is-layout-flex wp-container-core-group-is-layout-fbe8bec7 wp-block-group-is-layout-flex" style="padding-top:0">
<div class="wp-block-group min-h-4 has-global-padding is-layout-constrained wp-block-group-is-layout-constrained"><div class="taxonomy-category wp-block-post-terms"><a href="http://subvencije.bar.me/default/konkursi/sekretarijat-za-lokalni-ekonomski-razvoj/" rel="tag">Sekretarijat za lokalni ekonomski razvoj</a></div></div>


<h5 class="leading-tight wp-block-post-title"><a href="http://subvencije.bar.me/default/javni-poziv-za-ucesce-u-programu-podsticanja-razvoja-preduzetnistva-kroz-finansijsku-podrsku-2026/" target="_self" >Javni poziv za učešće u programu podsticanja razvoja preduzetništva kroz finansijsku podršku &#8211; 2026</a></h5>


<div class="wp-block-group has-text-body-sm-font-size is-vertical is-layout-flex wp-container-core-group-is-layout-7a6bb5d2 wp-block-group-is-layout-flex"><span class="wp-block-pubcalls-submission-status is-active"><span class="wp-block-pubcalls-submission-status__label">Status:</span> <span class="wp-block-pubcalls-submission-status__value">Active</span></span>

<span class="wp-block-pubcalls-query-dates"><span class="wp-block-pubcalls-query-dates__label">Rok:</span> od  <time class="wp-block-pubcalls-query-dates__start" datetime="2026-03-27T14:30:00+00:00">27.03.2026 14:30</time> do <time class="wp-block-pubcalls-query-dates__end" datetime="2026-05-11T23:59:00+00:00">11.05.2026 23:59</time></span></div>
</div>

</li><li class="wp-block-post post-6440 post type-post status-publish format-standard has-post-thumbnail hentry category-sekretarijat-za-lokalni-ekonomski-razvoj organisational-units-sekretarijat-za-lokalni-ekonomski-razvoj">

<div class="wp-block-group no-block-gap-for-children is-vertical is-nowrap is-layout-flex wp-container-core-group-is-layout-fbe8bec7 wp-block-group-is-layout-flex" style="padding-top:0">
<div class="wp-block-group min-h-4 has-global-padding is-layout-constrained wp-block-group-is-layout-constrained"><div class="taxonomy-category wp-block-post-terms"><a href="http://subvencije.bar.me/default/konkursi/sekretarijat-za-lokalni-ekonomski-razvoj/" rel="tag">Sekretarijat za lokalni ekonomski razvoj</a></div></div>


<h5 class="leading-tight wp-block-post-title"><a href="http://subvencije.bar.me/default/javni-konkurs-za-raspodjelu-sredstava-za-podrsku-zenskom-preduzetnistvu/" target="_self" >Javni konkurs za raspodjelu sredstava za podršku ženskom preduzetništvu &#8211; 2026.</a></h5>


<div class="wp-block-group has-text-body-sm-font-size is-vertical is-layout-flex wp-container-core-group-is-layout-7a6bb5d2 wp-block-group-is-layout-flex"><span class="wp-block-pubcalls-submission-status is-finished"><span class="wp-block-pubcalls-submission-status__label">Status:</span> <span class="wp-block-pubcalls-submission-status__value">Finished</span></span>

<span class="wp-block-pubcalls-query-dates"><span class="wp-block-pubcalls-query-dates__label">Rok:</span> od  <time class="wp-block-pubcalls-query-dates__start" datetime="2026-02-02T12:50:00+00:00">02.02.2026 12:50</time> do <time class="wp-block-pubcalls-query-dates__end" datetime="2026-03-03T23:59:00+00:00">03.03.2026 23:59</time></span></div>
</div>

</li><li class="wp-block-post post-6853 post type-post status-publish format-standard has-post-thumbnail hentry category-sekretarijat-za-lokalni-ekonomski-razvoj organisational-units-sekretarijat-za-lokalni-ekonomski-razvoj">

<div class="wp-block-group no-block-gap-for-children is-vertical is-nowrap is-layout-flex wp-container-core-group-is-layout-fbe8bec7 wp-block-group-is-layout-flex" style="padding-top:0">
<div class="wp-block-group min-h-4 has-global-padding is-layout-constrained wp-block-group-is-layout-constrained"><div class="taxonomy-category wp-block-post-terms"><a href="http://subvencije.bar.me/default/konkursi/sekretarijat-za-lokalni-ekonomski-razvoj/" rel="tag">Sekretarijat za lokalni ekonomski razvoj</a></div></div>


<h5 class="leading-tight wp-block-post-title"><a href="http://subvencije.bar.me/default/javni-poziv-za-ucesce-u-programu-podsticanja-razvoja-preduzetnistva-kroz-finansijsku-podrsku-2025/" target="_self" >Javni poziv za učešće u programu podsticanja razvoja preduzetništva kroz finansijsku podršku &#8211; 2025</a></h5>


<div class="wp-block-group has-text-body-sm-font-size is-vertical is-layout-flex wp-container-core-group-is-layout-7a6bb5d2 wp-block-group-is-layout-flex"><span class="wp-block-pubcalls-submission-status is-finished"><span class="wp-block-pubcalls-submission-status__label">Status:</span> <span class="wp-block-pubcalls-submission-status__value">Finished</span></span>

<span class="wp-block-pubcalls-query-dates"><span class="wp-block-pubcalls-query-dates__label">Rok:</span> od  <time class="wp-block-pubcalls-query-dates__start" datetime="2025-08-28T12:15:00+00:00">28.08.2025 12:15</time> do <time class="wp-block-pubcalls-query-dates__end" datetime="2025-10-13T23:59:00+00:00">13.10.2025 23:59</time></span></div>
</div>

</li></ul>


<div style="margin-top:0;margin-bottom:0;height:var(--wp--preset--spacing--40)" aria-hidden="true" class="wp-block-spacer"></div>


</div>
</div>
</div>



<div class="wp-block-group relative mx-auto max-w-max border-t border-r-0 border-b border-l-0 border-solid border-base-3 bg-base-2 is-layout-flow wp-block-group-is-layout-flow">
<div class="wp-block-group hidden w-full sm:flex sm:absolute sm:inset-0 !items-stretch is-nowrap is-layout-flex wp-container-core-group-is-layout-930feb06 wp-block-group-is-layout-flex">
<div class="wp-block-group w-full bg-contrast-6 sm:w-half has-global-padding is-layout-constrained wp-block-group-is-layout-constrained">
<div style="margin-top:0;margin-bottom:0;height:0" aria-hidden="true" class="wp-block-spacer"></div>
</div>



<div class="wp-block-group w-full sm:w-half has-global-padding is-layout-constrained wp-block-group-is-layout-constrained">
<div style="margin-top:0;margin-bottom:0;height:0" aria-hidden="true" class="wp-block-spacer"></div>
</div>
</div>



<div class="wp-block-group relative z-20 md:container mx-auto no-block-gap is-layout-flow wp-block-group-is-layout-flow">
<div class="wp-block-group grid md:grid-cols-2 no-block-gap is-layout-flow wp-block-group-is-layout-flow">
<div class="wp-block-group mt-0 bg-contrast-6 px-4 py-8 text-white md:py-12 md:pr-12 is-layout-flow wp-block-group-is-layout-flow">
<h2 class="wp-block-heading my-0 text-3-xl font-medium text-white md:text-5-xl">Podrška lokalnoj privredi</h2>



<p class="text-lg italic has-text-body-xl-font-size wp-block-paragraph">Opština Bar od 2019. godine aktivno radi na sistemskom unapređenju uslova za bavljenje preduzetništvom, kao jednom od najznačajnijih prioriteta koji treba da omogući kreiranje stimulativnog i dinamičnog poslovnog ambijenta i podizanje nivoa ekonomije, a samim tim i povećanje nivoa standarda građana.</p>
</div>



<div class="wp-block-group no-block-gap bg-base-2 px-4 py-8 md:py-12 md:pl-12 is-layout-flow wp-block-group-is-layout-flow">
<h2 class="wp-block-heading mb-4 mt-0 text-3-xl md:mb-8">Follow us</h2>



<div class="wp-block-buttons is-vertical is-layout-flex wp-container-core-buttons-is-layout-7b7f8733 wp-block-buttons-is-layout-flex">
<div class="wp-block-button is-style-link not-underline btn-icon-social  text-16 fab fa-facebook-square is-style-link--1"><a class="wp-block-button__link wp-element-button" href="https://www.facebook.com/BarOpstina" target="_blank" rel="noreferrer noopener nofollow">Facebook</a></div>



<div class="wp-block-button is-style-link not-underline btn-icon-social  text-16 fab fa-square-twitter is-style-link--2"><a class="wp-block-button__link wp-element-button" href="https://twitter.com/opstinabar" target="_blank" rel="noreferrer noopener nofollow">X</a></div>



<div class="wp-block-button is-style-link not-underline btn-icon-social  text-16 fab fa-instagram-square is-style-link--3"><a class="wp-block-button__link wp-element-button" href="https://www.instagram.com/opstina__bar/" target="_blank" rel="noreferrer noopener">Instagram</a></div>



<div class="wp-block-button is-style-link not-underline btn-icon-social  text-16 fab fa-youtube-square is-style-link--4"><a class="wp-block-button__link wp-element-button" href="https://www.youtube.com/channel/UCE4Ig1I9ZD04ovG-gPISl2g/" target="_blank" rel="noreferrer noopener nofollow">Youtube</a></div>
</div>
</div>
</div>
</div>
</div>

<p>Najnoviji pozivi Podrška lokalnoj privredi Opština Bar od 2019. godine aktivno radi na sistemskom unapređenju uslova za bavljenje preduzetništvom, kao jednom od najznačajnijih prioriteta koji treba da omogući kreiranje stimulativnog i dinamičnog poslovnog ambijenta i podizanje nivoa ekonomije, a samim tim i povećanje nivoa standarda građana. Follow us</p>
